
1
Suppose -72 + 10 = -2*g. What is the greatest common divisor of 62 and g?
31
Let w(h) = -h**3 - 6*h**2 + 12*h + 2. Let b be w(-8). What is the highest common factor of b and 51?
17
Suppose -3*r - 213 = -2*u, -r + 5*r + 428 = 4*u. Let j = -18 + u. Let w(z) = -z**3 + 5*z**2 + 5*z. Let a be w(4). What is the greatest common factor of a and j?
18
Suppose 0*v = 5*v - 225. Let c(z) be the first derivative of -z**4/4 + 2*z**3 - z**2 - 1. Let f be c(5). What is the highest common factor of f and v?
15
Let f = -57 - -20. Let c = 64 + f. Suppose 0 = b - 3*b + 18. Calculate the greatest common divisor of c and b.
9
Let n = -5 + 9. Suppose n*a - 71 = -3. What is the highest common factor of a and 34?
17
Suppose 56 = -o + 151. Let l = o - 68. What is the greatest common factor of 81 and l?
27
Suppose -3*o - o = -2*q + 56, -2*q - o + 41 = 0. Let d be 0/(2 + 0 + -3). Suppose 2*s - 412 = 4*a, a + d*a = -4. What is the highest common factor of s and q?
22
Let v be ((-4)/(-2))/(2/(-13)). Let m be (-1 - v)/(-2) - 0. Let g(d) = d**2 - 2*d - 8. Let r be g(m). Calculate the greatest common divisor of 10 and r.
10
Let s = 55 - 19. Let o(i) = -i**2 + 6*i - 1. Let z be o(5). Calculate the greatest common factor of z and s.
4
Let p(t) = 4*t**3 + 4*t**2 - t - 1. Let f be p(4). Suppose -3*r + f = -0*r. What is the highest common divisor of 15 and r?
15
Let u = -2 + 5. Suppose 2*x - 25 = x - 4*r, 2*x - 28 = u*r. Suppose -5*i = -x - 283. Calculate the highest common factor of 15 and i.
15
Let c(x) = 39*x**2 + 0 + 5 - 5 + 1. Let f be c(-1). Calculate the highest common divisor of f and 8.
8
Let l = 35 - 2. What is the greatest common divisor of l and 3?
3
Suppose -4*z + 35 = m, -4*z + 3*z + 12 = -3*m. Let h = z - 7. Let v(w) = 3*w**2 - w - 1. Let t be v(h). Calculate the greatest common divisor of t and 6.
3
Let h be (-5 - (1 - 1))/(-1). Suppose 30 = 5*x - h. Let l(c) = c**3 - 2*c**2 + 3*c + 3. Let g be l(3). What is the greatest common factor of x and g?
7
Suppose 4*k - k - 117 = 0. Let r(o) = -o**3 + 7*o**2 - 5*o - 6. Let j be r(6). Let u be 13 + 0 + j - 0. What is the highest common factor of k and u?
13
Let p(q) = -5*q**3 + 4*q**2 + 3*q. Let g be p(-2). What is the highest common divisor of g and 5?
5
Suppose -186 + 846 = 5*m. Suppose q - 2*q + 33 = 0. What is the greatest common divisor of q and m?
33
Suppose 0 = -j - 3*j + 20. Let l(y) = -y**3 + 5*y + 3. Let k be l(-3). Calculate the greatest common factor of j and k.
5
Suppose 5*o - 3 = 2. Let l be 54/14 + o/7. What is the highest common factor of l and 32?
4
Suppose -3*h = -2*h - 14. Suppose 0 = -p - p + h. Calculate the greatest common divisor of 63 and p.
7
Suppose -3*l + l = -4*n + 4, 3*n - 6 = 0. Suppose -l*m + 18 = m. What is the highest common divisor of 66 and m?
6
Let h(q) = -q**2 + 8*q - 3. Let c be h(7). Suppose -2*z + n = -10, c + 21 = 3*z - 4*n. Let p be (-2)/z*(-60)/8. What is the greatest common factor of p and 45?
5
Suppose 4*i - 2*x = 54, -2*x - 9 + 3 = -i. Calculate the greatest common divisor of 2 and i.
2
Let o = 4 - 1. Suppose -7*j - 5*u = -o*j + 156, -3*j - 122 = 5*u. Let m = j + 49. What is the highest common divisor of 3 and m?
3
Suppose 0 = -0*q - q + 2. Suppose -4 = q*f - 26. Suppose 99 = h - 4*j, -3*h + 4*j = h - 396. Calculate the highest common divisor of f and h.
11
Let y = -14 - -22. Calculate the highest common factor of 8 and y.
8
Let f be 325/35 - (-4)/(-14). Calculate the highest common divisor of f and 6.
3
Let f(v) = v**2 + 4*v - 3. Let n be f(-4). Let o(c) = -3*c + 4. Let b be o(n). Let r be 59520/416 - 2/26. Calculate the highest common factor of r and b.
13
Let z be (-5 + 14)*1/3. Suppose 2*b = 4*s - 570, z*b + 283 = 2*s - 0*b. Calculate the highest common factor of 13 and s.
13
Suppose 2*d - 32 = -3*h, 0*h + 5*d = 5*h - 95. What is the greatest common divisor of 70 and h?
14
Let o(x) = 6*x**2 + 10*x + 19. Let p be o(-3). Calculate the greatest common factor of 387 and p.
43
Let h = -13 - -58. Calculate the highest common divisor of 9 and h.
9
Suppose 5*m - 5 = -0. Suppose 4*p - 39 - m = 0. Calculate the greatest common factor of 30 and p.
10
Let j(m) = m - 3. Let u be j(5). Let d be (-9)/(45/(-20)) + 18. Suppose 0*t = u*t - d. Calculate the highest common factor of 88 and t.
11
Let k(z) = -2*z + 85. Let w be k(29). What is the highest common divisor of w and 432?
27
Suppose -2 = -4*l + 14. Suppose f - 2*f - 179 = -l*i, 0 = -2*i - f + 91. Calculate the highest common factor of 18 and i.
9
Suppose -5*w = -2*w, -3*r + 5*w + 15 = 0. What is the greatest common factor of 35 and r?
5
Let f = 69 + -63. Calculate the highest common divisor of 18 and f.
6
Let z be (-4 - -2) + 3 - -34. Calculate the highest common factor of z and 5.
5
Let i = 4 + -2. Suppose 0 = i*b - 53 - 3. Let q = b - 16. What is the greatest common divisor of q and 108?
12
Let c be (-4)/6 + 5759/39. What is the highest common divisor of 21 and c?
21
Suppose 2*q = -r + 1, 5*r - 17 = 3*r - q. Suppose -116 = 2*j + 242. Let g = -58 - j. Calculate the greatest common factor of r and g.
11
Let j = 12 + -9. Suppose f + 20 = j*f. What is the greatest common divisor of 110 and f?
10
Let q(u) = -43*u + 25*u - 56*u + 1. Let g be q(-1). What is the highest common factor of 30 and g?
15
Let p(o) = -o**2 + 6*o - 6. Let u be p(4). Suppose u*k = -2*b + 6 + 10, 2*b - 10 = 0. Let a = 3 + -1. What is the greatest common divisor of k and a?
1
Suppose 2*q - 31 + 29 = 0. What is the highest common factor of 3 and q?
1
Suppose 33 = 3*i - 5*x, 3*x = -x. Calculate the highest common divisor of 11 and i.
11
Suppose -25 + 217 = 2*u - 4*o, -5*o = -5*u + 460. What is the highest common factor of 11 and u?
11
Let b(v) = -78*v - 1. Let o be b(-1). Calculate the greatest common divisor of o and 7.
7
Let d be 4/(-18) + (-58)/(-18). Let m be 3/12*2*38. Let c = -13 + m. Calculate the greatest common divisor of d and c.
3
Let z = 8 + -5. Suppose -3*l + 3*d + 35 = -2*d, z*d + 85 = 5*l. Let a(n) = -2*n - 4. Let r be a(-4). Calculate the highest common factor of r and l.
4
Suppose 4*s = -s + 10. Let z(n) = 2*n**2 - 10*n + 8. Let l be z(6). Suppose s*q - l = 16. Calculate the highest common divisor of q and 27.
9
Suppose 3*w - 110 = -62. Calculate the highest common divisor of 176 and w.
16
Let y(l) = -2*l + 6. Let q be y(1). Calculate the highest common divisor of q and 116.
4
Let h be -5*1*30/(-25). What is the highest common factor of h and 4?
2
Let b be (-109)/4 - (-1)/4. Let r = b + 19. Let x be (1 - r)*3 + -2. What is the highest common factor of 5 and x?
5
Suppose h - 353 - 79 = -5*k, k - 80 = 3*h. Calculate the greatest common divisor of k and 215.
43
Suppose -4*i + 44 = 12. Suppose -3*u = 3*q - 44 - 1, 0 = -5*u - 3*q + 71. Suppose 2*j = u + 3. What is the highest common factor of i and j?
8
Let i(m) = 2*m + 4. Let d be i(-1). What is the highest common divisor of d and 5?
1
Let n(z) = z**3 - 10*z**2 - z + 19. Let c be n(10). Calculate the highest common divisor of c and 117.
9
Suppose 31*r - 27*r = 128. Let a = 3 + 5. Calculate the greatest common divisor of a and r.
8
Let y be 18*(0/((-8)/2) + 1). Let u = -10 - -16. Let o be 218/3 + u/(-9). What is the greatest common divisor of o and y?
18
Let z = 25 - -22. Suppose 4*t - 11 = 3*a - z, 5*t = a - 23. What is the greatest common factor of 16 and a?
8
Suppose -3*b + 3*t - t = -35, -4*b + 45 = -t. Let j be 1/(1 + 0/2). Let d be (-88)/(-10)*5/j. What is the highest common divisor of d and b?
11
Let q = -111 + 290. Suppose 2*s - 10 = 0, 5*u + 0*s + 40 = 3*s. Let p be q/5 - 1/u. What is the greatest common divisor of 24 and p?
12
Let k = -35 - -40. What is the greatest common divisor of 10 and k?
5
Suppose -5*z + m + 194 = 0, -3*z + 84 = 5*m - 38. What is the greatest common factor of z and 39?
39
Let n be (-1155)/(-22) - (-6)/4. What is the highest common divisor of n and 6?
6
Let p = 22 - 19. Suppose 4*t + t = -4*x + 228, -3*t + p*x = -126. What is the greatest common divisor of 11 and t?
11
Let w be (-37)/(-4) + (-1)/4. Suppose 2*i - 6*i + 1440 = 0. Suppose 4*y = -y + i. What is the greatest common factor of w and y?
9
Let g be (1/(-3))/((-2)/78). Let v be 785/20 + ((-15)/12)/5. Calculate the greatest common factor of v and g.
13
Let g(c) = -16*c + 2. Let p be g(-3). Calculate the greatest c